13, what is -1147 - 0?
-1147
In base 6, what is -1010 - -233?
-333
In base 11, what is -28 - 30?
-58
In base 6, what is 11 + 1055?
1110
In base 2, what is -101011001 - 1?
-101011010
In base 13, what is 1 + -1598?
-1597
In base 7, what is 46 - -51?
130
In base 9, what is -11144 + -2?
-11146
In base 15, what is -2a + -2e8?
-323
In base 16, what is 11 - -15a?
16b
In base 8, what is -3233 - -2?
-3231
In base 9, what is 21 - 14?
6
In base 10, what is -1012 + 2?
-1010
In base 2, what is 0 - 101?
-101
In base 14, what is -1c7 + 1c?
-1a9
In base 11, what is -21 + -3?
-24
In base 10, what is -2 - 241?
-243
In base 16, what is -137 + b?
-12c
In base 11, what is 5 - 412?
-408
In base 12, what is -32 - 1a?
-50
In base 14, what is 2 + 40?
42
In base 14, what is 3cd - 1?
3cc
In base 5, what is 312 + -1?
311
In base 3, what is 210 - -10?
220
In base 8, what is -2 + -315?
-317
In base 11, what is -14a34 - -5?
-14a2a
In base 11, what is -34 - -20?
-14
In base 8, what is -22 - -140?
116
In base 14, what is 3 - 3?
0
In base 15, what is 316 - -1?
317
In base 9, what is 1 - 17?
-16
In base 13, what is 12b0 - 2?
12ab
In base 6, what is -40 - -5?
-31
In base 3, what is 11 - 2112?
-2101
In base 16, what is 1 - 165?
-164
In base 8, what is -4360 - -2?
-4356
In base 10, what is -17 + 6?
-11
In base 9, what is -17 - 77?
-105
In base 16, what is 174 + -2?
172
In base 6, what is 2541 + 1?
2542
In base 8, what is 5031 + 10?
5041
In base 11, what is -2909 - -8?
-2901
In base 5, what is -1214 + -13?
-1232
In base 11, what is 3 - 3438?
-3435
In base 14, what is -3 + 6?
3
In base 10, what is 67 + 2?
69
In base 14, what is 72 + -3?
6d
In base 15, what is -5 + 557?
552
In base 2, what is -110 + -100?
-1010
In base 5, what is -1034 - 4?
-1043
In base 15, what is -11 - -5?
-b
In base 8, what is 1552 + 11?
1563
In base 10, what is -5505 + 5?
-5500
In base 16, what is -15 + -2?
-17
In base 4, what is 12 - -223?
301
In base 9, what is 5 - -18?
24
In base 8, what is -317 - -5?
-312
In base 5, what is -11002 - 4?
-11011
In base 5, what is -2 - 144?
-201
In base 2, what is -111 - -10?
-101
In base 5, what is 1 - 1223?
-1222
In base 9, what is 38600 + 3?
38603
In base 4, what is 122 - 1032?
-310
In base 8, what is -10462 - -5?
-10455
In base 6, what is -215 + 0?
-215
In base 13, what is -4 - 12?
-16
In base 3, what is -101121 - 201?
-102022
In base 10, what is 7086 - 1?
7085
In base 3, what is 0 + -1100100?
-1100100
In base 2, what is -1110 + -10111?
-100101
In base 16, what is 3 + 477?
47a
In base 10, what is 31293 + -3?
31290
In base 15, what is -1c - 32?
-4e
In base 14, what is -6d1 + 0?
-6d1
In base 9, what is -204 + 1?
-203
In base 13, what is -87 + 27?
-60
In base 5, what is 2 + 141432?
141434
In base 14, what is -25 + -4?
-29
In base 2, what is -101 - -1000011000?
1000010011
In base 12, what is -4 - -1b5?
1b1
In base 16, what is 2 - -1460?
1462
In base 7, what is 2 + -3004?
-3002
In base 13, what is -b28 + -a?
-b35
In base 4, what is -110 - 1001?
-1111
In base 16, what is -3 + -1c?
-1f
In base 9, what is -1 - -344?
343
In base 6, what is 10344 - 2?
10342
In base 15, what is -4 - 18a?
-18e
In base 5, what is -2 - -2033?
2031
In base 14, what is 4 - -218?
21c
In base 6, what is -5 + 3053?
3044
In base 16, what is -2 - 13f7?
-13f9
In base 5, what is -1 + 104002?
104001
In base 15, what is 3 - 53e?
-53b
In base 11, what is -3 - 16?
-19
In base 13, what is -22 - -308?
2b6
In base 3, what is -11220 - 10?
-12000
In base 11, what is 5 + 28?
32
In base 9, what is 5 - -37?
43
In base 11, what is -17 + 55?
39
In base 7, what is -1 + 4201?
4200
In base 6, what is -40 + -1?
-41
In base 3, what is 12022 - -11?
12110
In base 12, what is -59 - -1b?
-3a
In base 3, what is 12 - -11202?
11221
In base 9, what is 73 + -1?
72
In base 4, what is 123213 + -1?
123212
In base 11, what is 5 + 31?
36
In base 9, what is -130 - 0?
-130
In base 2, what is -10111100 + -1?
-10111101
In base 3, what is 2202112 + 11?
2202200
In base 5, what is 2104 - -2?
2111
In base 4, what is 2 + -1102?
-1100
In base 4, what is 22000 - -32?
22032
In base 8, what is 2425 + 3?
2430
In base 2, what is 110 + -101101?
-100111
In base 14, what is -6 + 220?
218
In base 3, what is 10 - 11?
-1
In base 15, what is -4 - 12?
-16
In base 13, what is -510 - -1?
-50c
In base 14, what is 402 + 2?
404
In base 14, what is 3 - 3cc?
-3c9
In base 4, what is -100 + 10303?
10203
In base 4, what is 11313 + -12?
11301
In base 3, what is -12 - -2202?
2120
In base 9, what is 102 - -3?
105
In base 8, what is 2 - -131?
133
In base 6, what is 1 + 1455?
1500
In base 2, what is 11100110 + -10?
11100100
In base 2, what is -111 - -10001?
1010
In base 2, what is -100011000010111 + 0?
-100011000010111
In base 7, what is -201 - -5?
-163
In base 10, what is -19 - -1?
-18
In base 4, what is -32 + 10?
-22
In base 13, what is -3 + 885?
882
In base 6, what is 0 - 34123?
-34123
In base 10, what is -34 + 2?
-32
In base 12, what is 10a0 - 1?
109b
In base 14, what is 10 - 156?
-146
In base 14, what is 13 + -8?
9
In base 2, what is -11 + -1010101?
-1011000
In base 16, what is 2bf - 3?
2bc
In base 15, what is 6 + 22?
28
In base 2, what is 101 - -100?
1001
In base 9, what is 200 - 65?
124
In base 3, what is 11 - 20?
-2
In base 8, what is 5024 - 10?
5014
In base 6, what is 32 - 25?
3
In base 16, what is -59 + -3?
-5c
In base 11, what is -32 + 3?
-2a
In base 6, what is -15513 + 2?
-15511
In base 5, what is -2 + -330?
-332
In base 11, what is 4 + 104?
108
In base 11, what is 26 - 15?
11
In base 15, what is -307 - 0?
-307
In base 10, what is -5939 + -3?
-5942
In base 3, what is -20 - -222?
202
In base 14, what is -4 - -70?
6a
In base 2, what is -1101000 - -100?
-1100100
In base 15, what is -17 + -2a?
-42
In base 15, what is 2 + -a0?
-9d
In base 7, what is -5 + -14604?
-14612
In base 6, what is 40 - -3?
43
In base 16, what is 3 + 825?
828
In base 2, what is -101 + 100010?
11101
In base 8, what is 127 - 3?
124
In base 11, what is -7 + -17?
-23
In base 10, what is -11 - 19?
-30
In base 8, what is -20733 - -1?
-20732
In base 5, what is 132044 + 3?
132102
In base 11, what is 8 - 33?
-26
In base 10, what is 11 + 28?
39
In base 7, what is 131 + -5?
123
In base 5, what is 23 + -12?
11
In base 2, what is 1011000000 + 11?
1011000011
In base 8, what is 133 - -1?
134
In base 15, what is -5 + -9ca?
-9d0
In base 3, what is 0 + -102222?
-102222
In base 2, what is 100001100101 - -1?
100001100110
In base 11, what is 11 + 4?
15
In base 8, what is -2275 - 0?
-2275
In base 4, what is 11 + 310032?
310103
In base 16, what is 202 + -1?
201
In base 10, what is 44 - -222?
266
In base 15, what is 4 - -104?
108
In base 12, what is -3 - -24b3?
24b0
In base 4, what is 3 - -2?
11
In base 5, what is -240 + 202?
-33
In base 14, what is 5 + -a6c?
-a67
In base 4, what is 2 + 12112?
12120
In base 15, what is 1 - 33?
-32
In base 4, what is 330 - 1?
323
In base 11, what is -10a + 65?
-55
In base 13, what is 11 + -60?
-4c
In base 4, what is -2031 + -1?
-2032
In base 15, what is -a0 + -5?
-a5
In base 9, what is 2 + -143?
-141
In base 13, what is -c - -1c?
10
In base 10, what is -2 - -4?
2
In base 13, what is -83 + -6?
-89
In base 16, what is 5 + 66a?
66f
In base 10, what is -7 - -153?
146
In base 9, what is 2168 + 3?
2172
In base 13, what is 0 - -18?
18
In base 8, what is 22 - 74?
-52
In base 14, what is 20 + 27?
47
In base 7, what is 0 + 54?
54
In base 11, what is 47 - 5?
42
In base 7, what is 1113 - -1?
1114
In base 13, what is 6 - 6b?
-65
In base 12, what is -11 - b1?
-102
In base 6, what is -32 + -2?
-34
In base 12, what is -177a + 0?
-177a
In base 14, what is -6a - -1?
-69
In base 11, what is -7 - 353?
-35a
In base 11, what is -108 + -17?
-124
In base 12, what is a3 + -8?
97
In base 12, what is 1 - 59?
-58
In base 8, what is 5 + -1200?
-1173
In base 5, what is -10 - -2030?
2020
In base 15, what is 0 + -2b?
-2b
In base 4, what is 2313 + 0?
2313
In base 15, what is -c2 + 2?
-c0
In base 16, what is d - -e?
1b
In base 12, what is b5 - a8?
9
In base 9, what is -2 - 27?
-30
In base 5, what is 23 - -1421?
1444
In base 9, what is -2 - 541?
-543
In base 4, what is 30 + -103?
-13
In base 16, what is -44b - 1?
-44c
In base 7, what is -2 - 222?
-224
In base 16, what is 26f + 4?
273
In base 3, what is 22 + -122220?
-122121